{"id":2653,"date":"2014-09-24T11:33:18","date_gmt":"2014-09-24T11:33:18","guid":{"rendered":"http:\/\/cloudit.ba\/?page_id=2653"},"modified":"2014-09-29T21:09:39","modified_gmt":"2014-09-29T21:09:39","slug":"indoc-rms-2","status":"publish","type":"page","link":"https:\/\/cloudit.ba\/?page_id=2653","title":{"rendered":"InDoc RMS"},"content":{"rendered":"<div class=\"container\" style=\"font-family:Arial;\">\n<div class=\"row-fluid\">\n<!-- kolona 1 --><\/p>\n<div class=\"span4\">\n<p align=\"justify\">InDoc RMS je programska oprema koja omogu\u0107ava dugoro\u010dnu i zakonski uskla\u0111eno elektronsko \u010duvanje dokumenata.<\/p>\n<p align=\"justify\">Programska oprema InDoc RMS je u cijelosti plod Mikrocopovog razvoja, koji se temelji na dugogodi\u0161njem iskustvu i znanju doma\u0107ih stru\u010dnjaka. Odlika InDoc RMS je sklop funkcionalnosti, koji omogu\u0107ava sigurnu pohranu razli\u010ditih vrsta elektronskih dokumenata i njihovo u\u010dinkovito upravljanje, do isteka rokova \u010duvanja.<\/p>\n<p align=\"justify\">Programska oprema InDoc RMS je certificirana pri Arhivu Republike Slovenije. Pri njenom razvoju slijedili smo me\u0111unarodno priznate zahtjeve za upravljanje elektronskim dokumentima MoReq (MoReq: Model requirements for the management of electronic records).<\/p>\n<p align=\"justify\">Podru\u010dje upotrebe sistema InDoc RMS je veoma \u0161irok, jer je InDoc RMS skalabilno i modularno rje\u0161enje koje se prilago\u0111ava potrebama svake organizacije<\/p>\n<p align=\"justify\">Omogu\u0107ava pohranu iznimno velikih koli\u010dina dokumenata, ali je zahvaljuju\u0107i prilagodljivom licen\u010dnom modelu dostupan tako\u0111er i malim i srednje velikim organizacijama<\/p>\n<\/div>\n<p><!-- kolona 2--><\/p>\n<div class=\"span4\">\n<p align=\"justify\">Funkcionalnosti sistema InDoc RMS omogu\u0107avaju uspostavljanje cjelovitog sistema za dugoro\u010dno arhiviranje elektronskih dokumenata.<\/p>\n<ul>\n<li>Razli\u010dite mogu\u0107nosti autentikacije korisnika (korisni\u010dko ime i lozinka, digitalni certifikati, AD prijava)<\/li>\n<li>Razli\u010dite mogu\u0107nosti dostupa do dokumenata (mre\u017eno korisni\u010dko su\u010delje, desktop aplikacija, integracijsko su\u010delje)<\/li>\n<li>Podr\u0161ka masovnom uvozu dokumenata i mogu\u0107nost dodavanja pojedina\u010dnih dokumenata<\/li>\n<li>Napredno upravljanje i organizacija dokumenata (klasifikacijski nacrt, zadaci, dokumenti).<\/li>\n<li>Pohrana razli\u010ditih tipova formata i datoteka (PDF\/A, TIFF, XML, video i audio sadr\u017eaji kao i drugi razli\u010diti formati).<\/li>\n<li>Vo\u0111enje revizijske sljedljivosti o kori\u0161tenju sistema i aktivnosti nad pojedinim dokumentima.<\/li>\n<li>\u0160iroke mogu\u0107nosti integracije s razli\u010ditim informacijskim sistemima preko WEB integracijskih su\u010delja (SAP, MS, Navision, MS SharePoint kao i drugih sistema i poslovnih aplikacija).<\/li>\n<li>Napredna administracija sistema i korisnika<\/li>\n<\/ul>\n<\/div>\n<p><!-- kolona 3 --><\/p>\n<div class=\"span4\">\n<p align=\"justify\">Prednosti sistema InDoc su brojne.<\/p>\n<p align=\"justify\">Sistem InDoc RMS omogu\u0107ava pohranu razli\u010ditih elektronskih dokumenata i zapisa, koji su uvijek na raspolaganju svim ovla\u0161tenim korisnicima. Kori\u0161tenjem sistema dose\u017eemo ogromne u\u0161tede u vremenu potrebnom za ure\u0111ivanje, arhiviranje i pretra\u017eivanje dokumenata te pove\u0107avamo u\u010dinkovitost.<\/p>\n<p align=\"justify\">Kori\u0161tenjem sistema InDoc RMS jako se smanjuju tro\u0161kovi prostora za pohranu dokumentacije. Uredske prostore u kojima smo prije \u010duvali dokumentarno gradivo, mo\u017eemo koristiti za izvo\u0111enje poslovne djelatnosti, te nije vi\u0161e potrebno koristiti vlastita ili unajmljena arhivska skladi\u0161ta.<\/p>\n<p align=\"justify\">Kori\u0161tenje InDoc RMS bitno pove\u0107ava sigurnost poslovanja i smanjuje rizik neovla\u0161tenog pristupa do dokumenata i poslovnih podataka. Bilje\u017eenjem revizijske sljedljivosti nad kori\u0161tenjem sistema i sadr\u017eaja omogu\u0107avamo u\u010dinkovit nadzor.<\/p>\n<\/div>\n<\/div>\n<\/div>\n","protected":false},"excerpt":{"rendered":"<p>InDoc RMS je programska oprema koja omogu\u0107ava dugoro\u010dnu i zakonski uskla\u0111eno elektronsko \u010duvanje dokumenata. Programska oprema InDoc RMS je u cijelosti plod Mikrocopovog razvoja, koji se temelji na dugogodi\u0161njem iskustvu i znanju doma\u0107ih stru\u010dnjaka. Odlika InDoc RMS je sklop funkcionalnosti, koji omogu\u0107ava sigurnu pohranu razli\u010ditih vrsta elektronskih dokumenata i njihovo u\u010dinkovito upravljanje, do isteka rokova<\/p>\n","protected":false},"author":1,"featured_media":0,"parent":0,"menu_order":0,"comment_status":"open","ping_status":"open","template":"","meta":[],"_links":{"self":[{"href":"https:\/\/cloudit.ba\/index.php?rest_route=\/wp\/v2\/pages\/2653"}],"collection":[{"href":"https:\/\/cloudit.ba\/index.php?rest_route=\/wp\/v2\/pages"}],"about":[{"href":"https:\/\/cloudit.ba\/index.php?rest_route=\/wp\/v2\/types\/page"}],"author":[{"embeddable":true,"href":"https:\/\/cloudit.ba\/index.php?rest_route=\/wp\/v2\/users\/1"}],"replies":[{"embeddable":true,"href":"https:\/\/cloudit.ba\/index.php?rest_route=%2Fwp%2Fv2%2Fcomments&post=2653"}],"version-history":[{"count":6,"href":"https:\/\/cloudit.ba\/index.php?rest_route=\/wp\/v2\/pages\/2653\/revisions"}],"predecessor-version":[{"id":2728,"href":"https:\/\/cloudit.ba\/index.php?rest_route=\/wp\/v2\/pages\/2653\/revisions\/2728"}],"wp:attachment":[{"href":"https:\/\/cloudit.ba\/index.php?rest_route=%2Fwp%2Fv2%2Fmedia&parent=2653"}],"curies":[{"name":"wp","href":"https:\/\/api.w.org\/{rel}","templated":true}]}}